 is the units digit of h(r)?
2
Let m = 25 - 28. Let j be -64 - (-1 + -3) - m. Let h = 103 + j. What is the tens digit of h?
4
Suppose 2*n = 3*h - 24, 0 = 3*n + 9. Suppose 5*d + 5*z = 1255, z = h*z. What is the units digit of d?
1
Suppose -5*c = 59 - 64. What is the units digit of ((-4)/(-14))/c + 5915/49?
1
Suppose 620*h = 614*h + 9942. What is the tens digit of h?
5
Let i = 5 + 2. Let b(y) = 2 - y**2 - 4*y - 8 + 7*y + 8*y. What is the tens digit of b(i)?
2
Suppose 2*q - 633 = 59*r - 60*r, 5*r - 3139 = 3*q. What is the hundreds digit of r?
6
Suppose 2*k - 117 = 1. Let s = 60 - k. What is the units digit of s?
1
Suppose 14*b + 409 = 3475. What is the hundreds digit of b?
2
Suppose 11*l - 51 = 8*l. What is the tens digit of l?
1
Suppose -3*b = 5*s - 14, -4*s + 8*s = 4*b - 8. Suppose j - 3*o - 29 = -8*o, 2*j = o + b. Suppose 156 = j*c - 56. What is the units digit of c?
3
Let v(p) = 37*p**2 - 21*p**2 + p**3 - 25*p**2 - p - 10. What is the units digit of v(10)?
0
Let l = 528 + -7. What is the tens digit of l?
2
Let b(q) = 5*q**2 - 4*q - 45. What is the units digit of b(13)?
8
Let o be ((-1)/(-2)*6)/(9/2589). Suppose -o = -4*s + v - 4*v, 5*v + 233 = s. What is the units digit of s?
8
Let u = -35 - -40. What is the tens digit of 5/((20/u)/24)?
3
Let r(v) = 3*v**2 - v - 12*v**2 + 4 + 4*v**2 + 7*v**2. Suppose 2*j = 1 + 3. What is the tens digit of r(j)?
1
Suppose 9*a - 13*a - 2*u = -5388, 0 = -a - 3*u + 1347. What is the units digit of a?
7
Suppose 0*u + 3*u = 6. Suppose -4*r - u*c = c, r - 4*c = 0. Suppose -2*s - 5*m + 49 = -0*s, r = 5*m + 25. What is the units digit of s?
7
Suppose 0 = -s - 73 + 81. What is the units digit of s?
8
Suppose b + 3*r - 8 = -1, -2*r = -2*b - 26. Let a = -20 - b. What is the tens digit of -24*(-5)/((-80)/a)?
1
Let u(d) = 2*d**2 - 14*d + 13. Let y be u(10). Suppose 6 = w - y. What is the units digit of w?
9
Let f(w) = -4*w + 20. Let z be f(-9). Let n = z + 8. What is the units digit of n?
4
Let l(f) = 1 + 93*f - 20*f + 87*f. Let a be l(3). What is the units digit of (-4)/14 + a/91?
5
Let d(l) = 2*l**2 + l - 11. Let k be (-4)/26 + (-89)/13. Let y(m) = -m**3 - 7*m**2 - 4*m + 32. Let a(b) = k*d(b) - 2*y(b). What is the units digit of a(0)?
3
Let g be ((-96)/(-20))/(-4)*(-15)/6. Suppose -f - f = g*x - 150, 3*x - 135 = 3*f. What is the tens digit of x?
4
Let l(d) = -d**3 + 25*d**2 - 24*d - 69. Let c be l(24). Let p = c - -388. What is the tens digit of p?
1
Suppose 9*b = -3*b - 3*b. Suppose -2*z + d + 4*d + 394 = b, 3*z = d + 565. What is the units digit of z?
7
Let q be -3*(3 + (-7)/(7/4)). Suppose 0*f + 282 = q*f - 4*d, -4*f + 401 = 3*d. What is the tens digit of f?
9
Let a = 1990 - 925. What is the hundreds digit of a?
0
Let z = 684 - 360. What is the hundreds digit of z?
3
Suppose -5*c = -9 - 6. What is the units digit of (-86)/(-3)*c/2?
3
Let q(a) = -274*a + 2. Let o(i) = 138*i - 1. Let w(g) = -13*o(g) - 6*q(g). What is the units digit of w(-1)?
1
Suppose -w + 4*b + 20 = w, -5*w = 4*b + 6. What is the tens digit of (-7 + -13)*w*12/(-10)?
4
Let h = -54 - -56. Suppose -5*r + 0*u + 5*u + 810 = 0, -h*r + 331 = 5*u. What is the units digit of r?
3
Let j(b) be the first derivative of -b**2 + b - 8. Let x be j(-2). Suppose -x*h + i = -146, i + 74 = 3*h - 3*i. What is the tens digit of h?
3
What is the hundreds digit of 35972/(-51)*6/(-4)?
0
Let f(v) be the first derivative of v**3/3 - 5*v**2 - 2*v - 36. What is the units digit of f(-5)?
3
Suppose 0 = -3*c + 73 + 185. What is the tens digit of c?
8
Suppose -4*y + 13612 = o + 3788, 0 = -5*y + 2*o + 12267. What is the tens digit of y?
5
Let z = -3 - -3. Suppose 2*n + z = 8. Suppose 4*b + 54 = 3*c, 0 = n*c - b - 2 - 70. What is the units digit of c?
8
Suppose -5*y = -10, -m + 2*y + y - 324 = 0. What is the units digit of 1/((4/m)/((-2)/3))?
3
Suppose 43 = 2*q - q - 2*w, 3*w = 9. Suppose 6*y - 705 = y. Suppose -4*b + 5*c = -116, 4*b = -c - q + y. What is the units digit of b?
4
Let w = 122 - 95. Suppose -k = 4*k - 120. Let r = w - k. What is the units digit of r?
3
Let p be (-2)/(0 + 3 + -1). What is the units digit of ((3/2)/(-3))/(p/12)?
6
What is the tens digit of 2*(4 + -2) + -29 + 2313?
8
Suppose -109 = -6*l + 143. Let a = l - -6. What is the tens digit of a?
4
Suppose 3*s = 2*w - 0*s - 357, w - 4*s = 186. What is the units digit of w?
4
Let i = -997 + 5104. What is the thousands digit of i?
4
Let v be (-6)/42 + 1893/21. Let m be 144/5*v/27. Let o = -66 + m. What is the units digit of o?
0
Let y be (13 + -12)/((-2)/(-8)). Suppose -190 = -4*n + y*h + 574, -5*n - 3*h + 963 = 0. What is the tens digit of n?
9
Let a(t) = -t**2 + 14*t + 19. Let n be a(19). What is the units digit of 9 + -9 - (2 + n)?
4
Let v(j) = -2*j**3 + 2*j**2 - j. Let m be v(1). Let d = -13 + m. Let t = 66 - d. What is the units digit of t?
0
Let y be ((-9)/(-6))/((-4)/(-128)*4). What is the units digit of (-1084)/(-12) - (y/(-9))/(-4)?
0
Let k(r) = 22*r**2 + 4*r - 25. What is the units digit of k(6)?
1
Let i be -3 - 2/(10/(-6835)). Suppose -i = -9*b + 1264. What is the units digit of b?
2
Suppose 5 - 7 = t. Let z be -4 + -1 + -1 + t. What is the units digit of (z/(-12))/(2/69)?
3
Let d(t) = -4*t**3 + 8*t**2 + 25*t + 25. Let q(j) = 3*j**3 - 5*j**2 - 17*j - 17. Let r(f) = -5*d(f) - 7*q(f). What is the tens digit of r(-5)?
2
Let o(h) = 8*h**2 + 9*h + 4. Suppose 0 = -4*b - 12. What is the units digit of o(b)?
9
Let k = -2383 - -3879. What is the units digit of k?
6
Suppose 0 = -s + 51 + 3. Suppose x = -3*c + s, -7*c + 3*x + 85 = -3*c. Let a = 38 - c. What is the tens digit of a?
1
What is the hundreds digit of (-2508 + -2)/(18/(-9))?
2
Let y(u) be the third derivative of -u**6/720 - 5*u**4/24 + 3*u**2. Let q(k) be the second derivative of y(k). What is the units digit of q(-4)?
4
Let k = 5859 - 3383. What is the units digit of k?
6
Let l(s) = s**3 + 14*s**2 - 16. Let v be l(-14). Suppose -2*i = -i + 36. Let q = v - i. What is the tens digit of q?
2
Let m be (-30)/(-12)*(-12)/(-5). What is the units digit of (-1 + 21/(-6))/(m/(-152))?
4
Suppose -2*q + 8 = 0, 2*z + q = 5*q + 752. Suppose 0 = 4*x + 2*l - 750, -4*x + z = -2*x + 4*l. What is the hundreds digit of x?
1
Let x be 4 - (-1)/(-4)*4. What is the tens digit of (x/9)/((-7)/(-777))?
3
Suppose 6853 = -9*i + 30244. What is the thousands digit of i?
2
Suppose 4*p - 12 = 8. Suppose 0*i = 2*i + 3*g + p, 5 = -5*i - 5*g. Suppose -i*c + 15 = c, 5*k - 5*c = 25. What is the tens digit of k?
1
Let x = -34 - -31. What is the tens digit of (x + (-411)/(-9))/((-1)/(-3))?
2
Suppose -a = 1 - 4. Suppose 0 = -5*p - 2*f + 40, 4*p + a*f = 3*p + 8. What is the tens digit of 5 - p - (2 - 19)?
1
Suppose 5*k + 2*o = 2660, -14*k + 13*k = -5*o - 505. What is the units digit of k?
0
Let w = -3 + -3. Let v be 4/3*(-9)/w. Suppose -v*n - 28 = -3*n. What is the units digit of n?
8
Let y = -697 - -761. What is the tens digit of y?
6
Suppose 0 = -30*j + 26*j - 76. Let d = j + 46. What is the units digit of d?
7
Let h(l) = -l**2 - 13*l - 10. Let i(s) = s + 15. Let q be i(-9). Suppose 0 = -q*x + 4*x - 16. What is the tens digit of h(x)?
3
Suppose 3*r + 2*r = -20. Let o(z) = z**3 - 2*z**2 - 5*z + 3. Let f(l) = -2*l**3 + l**2 + 5*l - 3. Let v(m) = 2*f(m) + 3*o(m). What is the units digit of v(r)?
3
Suppose -v - 6 = -4*v. Suppose w = -v*w. Suppose -h + 57 = 2*g - 0*h, w = -h - 5. What is the tens digit of g?
3
Let i(k) = -k**2 + 12*k - 10. Let f be i(11). Let z(r) = 4*r**3 - 10*r**2 + 2*r**3 - 5*r**3 + 2*r - 13 - f. What is the units digit of z(10)?
6
Suppose 0 = -5*d - m + 301, -5*d + 4*d + 5*m = -55. Suppose 6*v = 7*v - d. What is the units digit of v?
0
What is the tens digit of 12036/85 - (-14)/10?
4
Suppose 5*c = -4*y + 8150 + 3579, 4*y + 7063 = 3*c. What is the thousands digit of c?
2
Let u = 266 - -1665. What is the tens digit of u?
3
Suppose -4*h - 4444 = -4*a, -3*a - 2*a + 4*h = -5550. What is the thousands digit of a?
1
Let u be 1/(-1)*-3 + -6. Let c(p) be the second derivative of -5*p**3/6 - 5*p**2 - 7*p. What is the units digit of c(u)?
5
Let u(f) = -f**2 - 6*f - 1. Let i(a) = -a. Let c(q) = 4*i(q) - u(q). Let l be c(-7). What is the tens digit of (-318)/4*(-24)/l?
5
Suppose -18*c + 10*c + 9120 = 0. What is the units digit of c?
0
Let d = -7482 + 11000. What is the hundreds digit of d?